alculate 13 - (-3 + -3 + 3 + 1 - 2).
17
What is the value of -10 + (2 - 0) - (-46 + 34)?
4
What is -7 - (-9 + 10) - -8?
0
Evaluate -1 - (-31 + -44 + 68).
6
What is the value of -156 + 171 - ((4 - -1) + -2)?
12
What is the value of -2 - (4 - 7 - 0)?
1
What is (63 - 52) + (1 - 3) - 4?
5
7 - (15 + (3 - -6))
-17
What is the value of -2 + 47 + -16 + -18?
11
What is -4 + (26 + -3 - (-7 + (6 - -4)))?
16
Calculate -1 + 0 - -5 - (75 - 65) - 11.
-17
What is -39 + 83 + -58 - (-8 + 0)?
-6
What is the value of (1 - 6) + -17 + (16 - -9)?
3
What is -630 + 582 - (0 + -25)?
-23
What is the value of -9 + (-2 - -20) + -3 + (-32 - -5)?
-21
Calculate -1 - 6 - (-164 - -146).
11
Calculate 2 + 5 + (9 - 8) + -21.
-13
What is the value of (4 - 6) + (0 - -2) + 4 - -1?
5
-42 + (7 - (-20 + 2))
-17
Evaluate -25 - -20 - (-9 + 3 + 0).
1
Evaluate 21 + 6 + -17 + 5.
15
What is (9 - -3) + (3 - 0)?
15
What is the value of (14 - 0) + -41 + 35 + 9?
17
What is the value of -15 + (53 - 18) + -18?
2
What is the value of 2 + -2 + (-1 - 2) + 0?
-3
-302 + 305 + 0 + 16
19
Evaluate -70 - (-68 + 5) - (-7 + 1).
-1
What is -10 + 0 + (0 + -6 - -12 - 24)?
-28
-3 + (2 - -4) - 3 - 4 - 1
-5
What is the value of (9 - 28) + 7 + 33 + 10 + 0?
31
1 + (-70 - -56 - (-4 - 0))
-9
0 + (6 - 2) + -57 + 47 - 26
-32
What is the value of (-228 - -210) + 1 + 0?
-17
What is 10 + (-1 + 1 - (-8 - -9)) + -9?
0
(-24 + 21 - (0 - -3)) + 9
3
What is the value of -11 - (-18 + 4 + -1 + -3)?
7
Calculate -14 - (8 + 3 + -3 + 3).
-25
What is the value of -1 + 1 + 9 + 3 + 4 + -8?
8
-164 - -149 - (-17 - -1)
1
What is (-20 - -9) + 17 - (-32 - -2)?
36
Calculate -1 - 4 - (55 - 51 - (27 + 1)).
19
Evaluate (12 - 9 - (1 + 2)) + 8 + -7.
1
Evaluate 48 + -60 - (1 - (2 - -25)).
14
Evaluate -8 + (25 + 3 + 11 + -18 - 5).
8
What is (3 - 9) + 1 + 2 - -36 - 4?
29
0 + (-1 - 1) - (-15 - (56 + -54))
15
Calculate 25 + 0 + (20 - 17).
28
(-15 + 21 - 7) + -15
-16
Evaluate -41 - (-26 - (15 - 10)).
-10
Calculate (3 - 0 - -2 - 16) + 11.
0
What is -10 - (-6 + 4 + -21)?
13
What is -9 + -6 + 21 + 1 + -6?
1
Evaluate -2 + 1 + -7 + (-5 - -2).
-11
Evaluate -3 - (-17 + -2 - -30).
-14
What is 3 + (-6 - 1 - -3) - (-6 + 11)?
-6
What is (0 - -2 - 2) + -25 + 18?
-7
What is -4 + (8 - (12 - 8 - 11))?
11
What is 1 - 10 - (12 + -7 + 6) - 1?
-21
What is the value of (-3 - (-9 + 0)) + (0 - -1 - -23)?
30
Calculate -13 - (-21 - -15 - (2 + -4)).
-9
Calculate -8 - ((-12 - (-1 + -11)) + 10).
-18
-3 + 17 + (-4 - 33)
-23
What is 48 + -31 + (-7 - -19)?
29
-256 + 258 + (8 - (1 - (-2 + 3)))
10
Calculate (76 - 20) + 4 - 36.
24
What is the value of (1 - (58 + -22)) + 4?
-31
What is the value of 9 + 2 + -11 + -3 + 1?
-2
What is -28 - (17 - 34 - 8)?
-3
Calculate -4 + 21 + 34 + -70.
-19
Evaluate -2 - (-4 + 0) - (-1 - (1 + 8)).
12
Evaluate 2 - 1 - (-69 + 73).
-3
(2 + 2 - 6) + (-12 - -12)
-2
Calculate -19 - -14 - (1 + 3 + -11).
2
(11 - -1) + (9 - -2) + -15
8
Evaluate 2 + (7 - 6) - 0.
3
(-33 - -17) + 11 - -17
12
8 - (-11 + 18 + -11) - 28
-16
Calculate (-7 - (-4 - -3)) + (3 - -7 - 1).
3
Calculate -7 - (-3 - 6) - 0.
2
Calculate -15 + 216 + -228 + 30 + 2.
5
What is the value of 21 + -7 + -19 + 2?
-3
(-8 - (13 + -15)) + -14
-20
What is the value of 74 - 81 - (-6 + -2)?
1
What is (1 - 9) + (9 - (-18 + 1))?
18
Calculate -19 - (10 - 35) - (15 - -2).
-11
What is the value of -7 - -1 - -1 - (253 - 256) - 5?
-7
-36 + 30 - (2 - -7) - -3
-12
Calculate 7 - (24 - (-11 - -15)) - -14.
1
Evaluate -23 - ((1 - -4) + (92 - 107)).
-13
Evaluate -3 - 0 - (-18 + 13 - (9 - 3)).
8
55 + -27 - 40 - (4 + 0)
-16
What is 7 + (37 - (-5 + 15 - 6) - 12)?
28
Evaluate -1 + -1 + -6 - (-5 + -12).
9
What is -323 + 320 + (-4 - (-9 - 2))?
4
What is the value of 42 + (-1 - (14 + -1))?
28
Evaluate -10 + (9 - (-5 + 8)) + 4.
0
Evaluate -6 + (-2 + 18 - -6).
16
What is 6 + (7 - (-7 - -14)) + 2 + -3?
5
Evaluate -17 + (13 - 17) + 12.
-9
Calculate 1 - (10 - (-8 + 14) - 0).
-3
What is (2 - 10) + -1 + (-3 - -8)?
-4
Evaluate 62 - (23 - -20) - (53 - 1).
-33
What is the value of (15 - 1) + ((13 - 7) + 2 - 6)?
16
What is 10 + -7 + 11 + 0 + -3?
11
What is (-109 - -94) + 14 + 0?
-1
What is the value of (-10 - (14 + -18)) + (-2 + 20 - 1)?
11
What is 7 - -16 - 1 - 12?
10
What is -1 - (-10 + 12) - -1?
-2
What is (37 - -1 - 14) + (0 + 4 - -1)?
29
What is the value of (2 + -1 - -3) + -2 + -3 - 12?
-13
What is -29 - -18 - (4 + -33)?
18
What is (-1 - (-25 - -7)) + -16 + (11 - -1)?
13
What is 2 + -3 + (1 - -4) - (-14 + 14)?
4
0 + 0 + -4 + -144 + 138
-10
-11 - (-13 + (-20 - -16))
6
9 - (1 - (-27 + 13))
-6
Calculate -26 + (-4 - -1) + (178 - 167).
-18
Evaluate (2 - (4 - (2 - -2))) + -3.
-1
1 + -11 + 24 + -11 + -11
-8
-11 + (4 - 0) - -9
2
Calculate -13 + -14 + 27 - -9.
9
Calculate 1 + -19 + 2 - (-31 - (-1 + -24)).
-10
Evaluate 29 - (14 + (-19 - -24)).
10
What is (-1 - 20 - -4) + 13?
-4
What is the value of (-25 - -17) + (-4 - 1 - (2 + -16))?
1
Calculate -6 + -1 + -3 - -18.
8
-27 + (-1 - -24) - -23
19
-6 - 2 - -2 - (-8 + 10 + 0)
-8
0 - (12 + -3) - (-34 + 35)
-10
What is -1072 - -1073 - (-26 + (-2 - -4 - 0))?
25
What is 0 - (12 + -7 + -5 - -3)?
-3
What is the value of -26 - -38 - (-3 - (-1 - -4) - 1)?
19
-36 + 25 + (0 - -11)
0
Evaluate 19 - (23 - -7 - 0).
-11
Evaluate -45 - ((-9 - 29) + 21).
-28
-3 + 19 + -2 + 8
22
-4 + 14 + (3 - 6) - (-29 + 16)
20
Calculate 3 + -13 + 23 + (1 + 3 - 2).
15
What is -7 - (-8 + 9 + 0)?
-8
What is the value of -9 - (0 - (7 - 7)) - -18?
9
Evaluate -34 + 14 + 8 - -1.
-11
Evaluate (-29 - (-10 - 14)) + 6 - (-32 + 1).
32
What is -721 + 730 - (-21 - -2)?
28
0 + 15 - (248 + -242)
9
Calculate (10 + 1 + -8 - 7) + -2.
-6
-2 + (2 - -5) - (4 - 5)
6
What is the value of -33 + (44 - 0) + -24?
-13
What is the value of -6 + (4 - -1 - -1) - (29 - 11)?
-18
-21 + 10 + (18 - (-4 - -15))
-4
Calculate -3 - (-34 + 10 + 9 + -6 + -4).
22
Calculate 0 + -4 + -6 - (1 + (-7 - -5)).
-9
Calculate (-3 - -3 - 4) + 66 + -22 + -17.
23
What is the value of (-4 + 20 + -9 - 5) + -10?
-8
What is the value of 66 + -78 - (-25 - -4 - 4)?
13
32 + -15 - 8 - (12 + 2)
-5
What is 27 + (-5 - (-25 + 41))?
6
Calculate (10 - 23) + 6 + -5.
-12
Calculate 11 + (8 - (4 - -9)) + -24.
-18
What is -20 - (-2 + (-1 - -2) + (15 - 20))?
-14
-4 - (4 + -11) - -5 - (1 - 12)
19
Evaluate -7 - (11 - (-11 + 35)).
6
What is the value of (-68 - -52) + (4 - -9)?
-3
Calculate (1 - 1) + -6 + (0 - 6) + 7.
-5
Evaluate 0 + 2 - (-11 + -18 + 38).
-7
What is -19 + (-14 - -41) + -14 + (-1 - -5)?
-2
What is the value of (13 - (1 + 14)) + (1 - 0) + 2?
1
(11 - (-16 + 13)) + -26
-12
Evaluate (-1 - 5) + 1 + (-6 - -10) + -8.
-9
-1 + 8 + 9 + -18 + 9 + 2
9
What is 26 + (37 - 35 - (-4 + 7 - 0))?
25
What is (17 - 3) + 22 + -30?
6
Evaluate -9 - (-2 - -1) - (9 + (16 - 22)).
-11
Calculate -11 - -24 - (4 + 15).
-6
2 + -2 + (2 - 10) + (-1 - -37)
28
Calculate (12 + -14 - 5) + 21 + -1.
13
What is the value of 36 - (35 + -25) - (2 - -2)?
22
What is (-26 - -29) + -25 + 32?
10
What is 13 + -10 + (-2 - -4) + -14 - 2?
-11
What is the value of (-78 - -47) + 47 + 7?
23
What is the value of -5 + -7 + (-15 - -15)?
-12
Calculate (1 + 0 + 0 - -8) + 829 + -827.
11
1800 - 1842 - (-24 - -1)
-19
Evaluate -5 + -8 + 33 + -8.
12
Calculate -13 - -35 - 77 - -22.
-33
Calculate -32 + 32 + -1 + 12.
11
11 + -12 + -1 + 1 + -1
-2
22 + -8 + -11 + 1
4
Evaluate 31 + -5 + -22 + 5.
9
What is -4 + -5 + 17 + -20 + 19?
7
What is the value of -9 + (-6 - (9 + -33)) - 19?
-10
Evaluate 0 + -4 + 8 + 9 + -18 + 9.
4
What is 15 + (-6 + 4 + 4 - 8)?
9
Calculate -1 - (-12 + 15) - (5 + 1) - 4.
-14
(6 - 7 - -11) + (10 - 13)
7
Calculate -17 + 10 + 1 + 12.
6
What is 12 + (-3 + 7 + 2 - (7 + 0))?
11
Calculate -3 + 19 + (-37 - -17) - (2 - 28).
22
What is 7 + (11 - 18) + (-5 - -6) + -4?
-3
What is the value of 2 + -14 + (20 - 22)?
-14
Calculate 1 + 6 + (1 - 1) + 2 + -8.
1
-11 - (2 + (-34 - -4))
17
What is 2 + -6 + (-56 - -45)?
-15
Evaluate -8 - (-4 - 13 - (-27 - -19)).
1
Calculate -4 + (4 - 0 - (29 - 16)).
-13
Calculate (-24 - (-5 + -15)) + -1.
-5
Evaluate 2 - ((1 - 6) + 22 + -18 + 9).
-6
Evaluate -9 + -8 + 8 + 12.
3
-6 + -29 - (-23 - -21)
-33
What is (0 + (0 - -9) - (286 + -284)) + -7?
0
What is the value of 21 + (-8 - 15) + -2?
-4
What is (-6 - (-5 - 2)) + 2 - (3 + -2)?
2
What is 13 - (17 + -12 - 3)?
11
Calculate (-7 - (13 + -30)) + (1 - -3) + -9.
5
What is -5 + -3 + (-22 